) to base 9.
27140
Convert -13c21 (base 16) to base 3.
-11010000101
Convert -123a (base 11) to base 4.
-121100
Convert 648 (base 10) to base 4.
22020
Convert -225152 (base 6) to base 5.
-1104132
Convert 238 (base 12) to base 4.
11030
-200102 (base 4) to base 8
-4022
Convert 3555 (base 6) to base 10.
863
What is 41530 (base 6) in base 8?
12736
Convert 31040 (base 6) to base 15.
1353
121200222 (base 3) to base 15
391b
101 (base 12) to base 7
265
32292 (base 10) to base 8
77044
-15820 (base 11) to base 15
-690b
-33411 (base 5) to base 13
-10c3
-102002222 (base 3) to base 9
-12088
What is 8a (base 16) in base 10?
138
Convert 330 (base 7) to base 16.
a8
7406 (base 9) to base 6
41053
-11001010000 (base 2) to base 16
-650
Convert -37157 (base 8) to base 9.
-23828
Convert 6136 (base 12) to base 13.
4a5b
Convert -442332 (base 5) to base 3.
-210001020
Convert -337 (base 15) to base 7.
-2056
20042 (base 8) to base 7
32661
What is -7103 (base 13) in base 6?
-155555
12760 (base 8) to base 9
7630
Convert -8619 (base 10) to base 5.
-233434
What is 1175 (base 9) in base 13?
527
Convert 4a31 (base 15) to base 13.
7261
12302 (base 4) to base 3
121002
Convert -37 (base 12) to base 14.
-31
-1123244 (base 5) to base 2
-100111111100001
Convert 1000100001100000 (base 2) to base 14.
ca1a
What is -15745 (base 8) in base 4?
-1233211
Convert 1214 (base 7) to base 4.
13010
-447 (base 16) to base 7
-3123
What is -173 (base 10) in base 4?
-2231
-110 (base 3) to base 11
-11
Convert 121201011 (base 3) to base 4.
2332111
What is -1576 (base 11) in base 9?
-2683
What is -1747 (base 13) in base 8?
-6557
Convert -411002 (base 5) to base 15.
-3dd7
35554 (base 6) to base 4
1100332
What is -1a00 (base 12) in base 6?
-22400
What is -3042 (base 13) in base 3?
-100010010
201 (base 3) to base 13
16
What is 1000230 (base 4) in base 2?
1000000101100
22405 (base 6) to base 7
12152
bba (base 14) to base 6
14424
-1011111 (base 4) to base 16
-1155
What is -22053 (base 8) in base 6?
-110511
Convert -15252 (base 10) to base 2.
-11101110010100
Convert 232231 (base 4) to base 16.
bad
-7d6 (base 14) to base 15
-6e0
2ca (base 14) to base 15
280
Convert -515 (base 12) to base 10.
-737
-11303101 (base 4) to base 8
-56321
What is 18875 (base 9) in base 4?
3030311
What is 6711 (base 11) in base 6?
104541
Convert -2e9 (base 15) to base 7.
-1644
-13818 (base 15) to base 6
-1201405
-53453 (base 8) to base 6
-251151
What is 3822 (base 9) in base 11?
2166
100110110 (base 3) to base 15
209c
Convert 4510 (base 6) to base 14.
550
Convert -11143 (base 5) to base 2.
-1100011110
What is -12700 (base 10) in base 5?
-401300
Convert -887 (base 13) to base 9.
-2005
-10000001011000 (base 2) to base 12
-4960
What is 107 (base 13) in base 8?
260
Convert -10101140 (base 5) to base 13.
-2b0a1
Convert 13103 (base 4) to base 2.
111010011
1a26 (base 12) to base 6
22450
-11473 (base 9) to base 10
-7680
What is 3936 (base 10) in base 2?
111101100000
What is 17600 (base 9) in base 15?
3900
-55a (base 13) to base 8
-1630
Convert 222612 (base 7) to base 10.
39405
Convert 11579 (base 10) to base 11.
8777
25 (base 6) to base 10
17
What is -56 (base 7) in base 16?
-29
Convert -197d5 (base 14) to base 7.
-356355
1291 (base 10) to base 14
683
-5818 (base 9) to base 8
-10326
Convert -379 (base 15) to base 2.
-1100010101
What is 25b7 (base 12) in base 8?
10333
What is -33110 (base 6) in base 2?
-1000111100010
21124 (base 8) to base 16
2254
Convert -53431 (base 8) to base 2.
-101011100011001
Convert -1151 (base 7) to base 12.
-2b8
Convert -243 (base 13) to base 14.
-201
1100110110010 (base 2) to base 14
257c
Convert -3c90 (base 13) to base 4.
-2020200
35643 (base 7) to base 2
10010000011011
What is 130532 (base 6) in base 2?
10111001011000
Convert -7c7 (base 13) to base 8.
-2502
-880 (base 16) to base 9
-2877
What is 1cc3 (base 13) in base 9?
6011
Convert 4c33 (base 13) to base 11.
8181
Convert 615 (base 9) to base 10.
500
Convert -25223 (base 8) to base 2.
-10101010010011
Convert 3620 (base 7) to base 2.
10100111001
Convert 2311 (base 7) to base 11.
6a5
Convert -6205 (base 10) to base 16.
-183d
-45f (base 16) to base 4
-101133
Convert 2ba5 (base 12) to base 11.
3976
Convert -6110 (base 14) to base 11.
-11589
Convert -466 (base 14) to base 16.
-36a
Convert 1983 (base 10) to base 14.
a19
Convert 411404 (base 6) to base 16.
7ffc
10001010011 (base 2) to base 6
5043
-138 (base 11) to base 4
-2202
What is 88b1 (base 13) in base 9?
28141
What is 1288 (base 10) in base 12?
8b4
-100001001010 (base 2) to base 14
-ab8
Convert -98a4 (base 11) to base 12.
-7685
22510 (base 10) to base 4
11133232
-10214 (base 5) to base 2
-1010101100
-1723 (base 10) to base 11
-1327
-24613 (base 8) to base 6
-121123
16446 (base 9) to base 12
6659
What is 1aa1 (base 12) in base 15?
e94
Convert -4622 (base 9) to base 4.
-311132
Convert 1422 (base 5) to base 9.
283
Convert 613 (base 9) to base 4.
13302
What is -35072 (base 8) in base 4?
-3220322
What is -2b (base 14) in base 13?
-30
Convert -68860 (base 9) to base 16.
-b34c
Convert 3d25 (base 15) to base 5.
404320
What is -2750 (base 8) in base 2?
-10111101000
Convert -895 (base 13) to base 14.
-774
What is -1343 (base 12) in base 11?
-1730
What is -28730 (base 10) in base 8?
-70072
Convert -1308 (base 12) to base 2.
-100001111000
115 (base 10) to base 15
7a
-2324 (base 6) to base 2
-1000101100
10001101 (base 2) to base 12
b9
Convert -12102 (base 4) to base 6.
-1510
Convert -411 (base 5) to base 8.
-152
Convert -33642 (base 8) to base 3.
-201112111
Convert -2ba (base 12) to base 4.
-12232
What is -1002122 (base 3) in base 14?
-412
What is -7bf (base 16) in base 6?
-13103
-201222 (base 3) to base 15
-25e
What is -14d5 (base 16) in base 2?
-1010011010101
What is -1095 (base 11) in base 9?
-1864
What is -8198 (base 16) in base 10?
-33176
Convert 176 (base 12) to base 11.
1a3
-56 (base 9) to base 15
-36
Convert -250 (base 13) to base 8.
-623
-1764 (base 10) to base 13
-a59
Convert -3001 (base 4) to base 13.
-11b
What is -388 (base 10) in base 7?
-1063
-15146 (base 9) to base 6
-115453
What is -28077 (base 11) in base 5?
-2240024
Convert -3270 (base 8) to base 6.
-11544
-36342 (base 9) to base 11
-17316
What is -1310141 (base 5) in base 11?
-18318
1201 (base 4) to base 9
117
What is -26771 (base 8) in base 9?
-17126
Convert 3500 (base 11) to base 10.
4598
What is 310311 (base 5) in base 2?
10011101100001
Convert -21210 (base 5) to base 15.
-655
Convert 1273 (base 8) to base 16.
2bb
Convert -1101301 (base 6) to base 10.
-54757
5dbc (base 15) to base 13
9129
4256 (base 8) to base 7
6323
Convert -1011001011 (base 2) to base 16.
-2cb
What is -10100111011001 (base 2) in base 3?
-112200210
1195 (base 12) to base 13
b99
Convert -122020 (base 3) to base 4.
-13101
-13202 (base 4) to base 16
-1e2
What is 498a (base 16) in base 10?
18826
What is -123304 (base 5) in base 7?
-20036
Convert b4ba (base 16) to base 4.
23102322
-1050 (base 14) to base 12
-1766
Convert -1302001 (base 4) to base 10.
-7297
What is 2415 (base 10) in base 12?
1493
What is -116b (base 12) in base 16?
-7a3
3613 (base 7) to base 14
6b3
What is a268 (base 12) in base 14?
6608
-101101001110 (base 2) to base 4
-231032
-110100100100 (base 2) to base 16
-d24
What is -8471 (base 9) in base 6?
-44444
What is 89b (base 15) in base 3?
2200002
What is 1100000 (base 4) in base 3?
21000122
20225 (base 7) to base 14
1b15
What is 13200 (base 7) in base 3?
11211200
What is -1200102 (base 3) in base 11?
-a15
397 (base 10) to base 5
3042
Convert -3341404 (base 5) to base 13.
-20acb
What is 730 (base 8) in base 14?
25a
106234 (base 7) to base 13
8848
Convert 103600 (base 7) to base 13.
8338
Convert 831e (base 15) to base 3.
1102000002
501 (base 11) to base 10
606
What is 45640 (base 10) in base 12?
224b4
Convert 1301401 (base 6) to base 5.
4222340
5966 (base 10) to base 16
174e
What is 5b35 (base 15) in base 4?
10233020
Convert -1a3ab (base 12) to base 13.
-14738
143460 (base 8) to base 5
3112432
What is 1528 (base 10) in base 6?
11024
Convert 27ab (base 12) to base 9.
6265
Convert -51 (base 9) to base 13.
-37
Convert -2059 (base 13) to base 5.
-120333
What is -20407 (base 8) in base 4?
-2010013
Convert 1063 (base 13) to base 12.
139a
What is 988 (base 12) in base 7?
4040
-487 